{"id":10110,"date":"2023-11-14T16:51:16","date_gmt":"2023-11-14T22:51:16","guid":{"rendered":"https:\/\/www.c-enter.com.mx\/tienda\/?post_type=product&#038;p=10110"},"modified":"2024-06-17T12:06:21","modified_gmt":"2024-06-17T18:06:21","slug":"mouse-pad-gel-na-549ro-rojo","status":"publish","type":"product","link":"https:\/\/www.c-enter.com.mx\/tienda\/producto\/mouse-pad-gel-na-549ro-rojo\/","title":{"rendered":"Mouse Pad Gel NA-549RO Rojo"},"content":{"rendered":"<table class=\"margin-0 border-none\" style=\"height: 197px;\" width=\"335\">\n<tbody>\n<tr>\n<th class=\"padding-0\" colspan=\"2\">\n<div class=\"c-attributes-table__headline\"><span class=\"cpx-tuple cpx-tuple--plain\"><span class=\"cpx-label\">Dise\u00f1o<\/span><\/span><\/div>\n<\/th>\n<\/tr>\n<tr>\n<td class=\"padding-0\">\n<div class=\"c-attributes-table__property\"><span class=\"cpx-text cpx-text--grey\">Coloraci\u00f3n de superficie<\/span><\/div>\n<\/td>\n<td class=\"padding-0\">\n<div class=\"c-attributes-table__property\"><span class=\"cpx-text\">Mon\u00f3tono<\/span><\/div>\n<\/td>\n<\/tr>\n<tr>\n<td class=\"padding-0\">\n<div class=\"c-attributes-table__property\"><span class=\"cpx-text cpx-text--grey\">Color del producto<\/span><\/div>\n<\/td>\n<td class=\"padding-0\">\n<div class=\"c-attributes-table__property\"><span class=\"cpx-text\">Rojo<\/span><\/div>\n<\/td>\n<\/tr>\n<tr>\n<td class=\"padding-0\">\n<div class=\"c-attributes-table__property\"><span class=\"cpx-text cpx-text--grey\">Alfombrilla de rat\u00f3n para juegos<\/span><\/div>\n<\/td>\n<td class=\"padding-0\">\n<div class=\"c-attributes-table__property\"><span class=\"cpx-text\">No<\/span><\/div>\n<\/td>\n<\/tr>\n<\/tbody>\n<tbody>\n<tr>\n<th class=\"padding-0\" colspan=\"2\">\n<div class=\"c-attributes-table__headline\"><span class=\"cpx-tuple cpx-tuple--plain\"><span class=\"cpx-label\">Ergonom\u00eda<\/span><\/span><\/div>\n<\/th>\n<\/tr>\n<tr>\n<td class=\"padding-0\">\n<div class=\"c-attributes-table__property\"><span class=\"cpx-text cpx-text--grey\">Descansa mu\u00f1ecas<\/span><\/div>\n<\/td>\n<td class=\"padding-0\">\n<div class=\"c-attributes-table__property\"><span class=\"cpx-text\">Si<\/span><\/div>\n<\/td>\n<\/tr>\n<\/tbody>\n<\/table>\n","protected":false},"excerpt":{"rendered":"<p>El mouse pad Naceb con descansa mu\u00f1ecas de gel NA-549RO en color rojo es un accesorio dise\u00f1ado para mejorar la experiencia del usuario al utilizar el rat\u00f3n. Este producto cuenta con una superficie mon\u00f3tona que permite un deslizamiento suave y preciso del cursor, lo cual resulta ideal tanto para tareas cotidianas como para juegos.<\/p>\n","protected":false},"featured_media":10111,"comment_status":"open","ping_status":"closed","template":"","meta":[],"product_brand":[],"product_cat":[288,1140,449],"product_tag":[2132,2150,287,2149,2148,2147,1608,924],"class_list":{"0":"post-10110","1":"product","2":"type-product","3":"status-publish","4":"has-post-thumbnail","6":"product_cat-accesorios","7":"product_cat-accesorios-para-pc","8":"product_cat-mouse-pad","9":"product_tag-accesorios","10":"product_tag-color-rojo","11":"product_tag-mouse","12":"product_tag-nacer","13":"product_tag-pad","14":"product_tag-pad-gel","15":"product_tag-pc","16":"product_tag-rojo","18":"first","19":"instock","20":"shipping-taxable","21":"purchasable","22":"product-type-simple"},"_links":{"self":[{"href":"https:\/\/www.c-enter.com.mx\/tienda\/wp-json\/wp\/v2\/product\/10110","targetHints":{"allow":["GET"]}}],"collection":[{"href":"https:\/\/www.c-enter.com.mx\/tienda\/wp-json\/wp\/v2\/product"}],"about":[{"href":"https:\/\/www.c-enter.com.mx\/tienda\/wp-json\/wp\/v2\/types\/product"}],"replies":[{"embeddable":true,"href":"https:\/\/www.c-enter.com.mx\/tienda\/wp-json\/wp\/v2\/comments?post=10110"}],"wp:featuredmedia":[{"embeddable":true,"href":"https:\/\/www.c-enter.com.mx\/tienda\/wp-json\/wp\/v2\/media\/10111"}],"wp:attachment":[{"href":"https:\/\/www.c-enter.com.mx\/tienda\/wp-json\/wp\/v2\/media?parent=10110"}],"wp:term":[{"taxonomy":"product_brand","embeddable":true,"href":"https:\/\/www.c-enter.com.mx\/tienda\/wp-json\/wp\/v2\/product_brand?post=10110"},{"taxonomy":"product_cat","embeddable":true,"href":"https:\/\/www.c-enter.com.mx\/tienda\/wp-json\/wp\/v2\/product_cat?post=10110"},{"taxonomy":"product_tag","embeddable":true,"href":"https:\/\/www.c-enter.com.mx\/tienda\/wp-json\/wp\/v2\/product_tag?post=10110"}],"curies":[{"name":"wp","href":"https:\/\/api.w.org\/{rel}","templated":true}]}}