{"id":10471,"date":"2026-01-05T13:59:28","date_gmt":"2026-01-05T19:59:28","guid":{"rendered":"https:\/\/www.c-enter.com.mx\/tienda\/?post_type=product&#038;p=10471"},"modified":"2026-01-05T14:04:53","modified_gmt":"2026-01-05T20:04:53","slug":"adaptador-3-en-1-plata","status":"publish","type":"product","link":"https:\/\/www.c-enter.com.mx\/tienda\/producto\/adaptador-3-en-1-plata\/","title":{"rendered":"Adaptador 3 en 1 Plata"},"content":{"rendered":"<p>Descripci\u00f3n:<br \/>\nEl adaptador USB 3.0 tipo C a HDMI es un cable de conversi\u00f3n multifunci\u00f3n port\u00e1til, a trav\u00e9s de una interfaz USB 3.0 tipo C (modo DP), convierte la entrada de se\u00f1al digital en (PD + datos + v\u00eddeo HDMI). Aplicaciones multifunci\u00f3n, ideales para su oficina, salas de conferencias, ferias comerciales, pantallas de entretenimiento en el hogar, capacitaci\u00f3n escolar y corporativa, y m\u00e1s. Puede conectar su PC o tableta equipada con pantallas tipo C a HDMI, como HDTV, monitores LCD, proyectores, televisores de alta definici\u00f3n y m\u00e1s para transmisi\u00f3n de video HD.<\/p>\n<p>Caracter\u00edsticas:<br \/>\n1. Alta calidad Conector macho USB 3.0 tipo C ultradelgado con carcasa de aluminio.<br \/>\n2. Acabado de aleaci\u00f3n de aluminio perfecto para adaptarse a su estilo de vida y f\u00e1cil de llevar para negocios o viajes.<br \/>\n3. Procesamiento de chip digital de alto rendimiento .<br \/>\n4. Realizaci\u00f3n perfecta de aplicaciones multifunci\u00f3n de v\u00eddeo PD + datos + HDMI.<br \/>\n5. La \u00faltima interfaz USB 3.0 tipo C, se puede utilizar tanto el enchufe positivo como el negativo.<br \/>\n6. Simplemente conecte el adaptador al puerto USB-C de su MacBook y luego a su televisor o proyector a trav\u00e9s de un cable HDMI.<\/p>\n","protected":false},"excerpt":{"rendered":"<p>Descripci\u00f3n: El adaptador USB 3.0 tipo C a HDMI es un cable de conversi\u00f3n multifunci\u00f3n port\u00e1til, a trav\u00e9s de una interfaz USB 3.0 tipo C (modo DP), convierte la entrada<\/p>\n","protected":false},"featured_media":10472,"comment_status":"open","ping_status":"closed","template":"","meta":[],"product_brand":[],"product_cat":[1140,418],"product_tag":[],"class_list":{"0":"post-10471","1":"product","2":"type-product","3":"status-publish","4":"has-post-thumbnail","6":"product_cat-accesorios-para-pc","7":"product_cat-adaptadores-usb","9":"first","10":"instock","11":"shipping-taxable","12":"purchasable","13":"product-type-simple"},"_links":{"self":[{"href":"https:\/\/www.c-enter.com.mx\/tienda\/wp-json\/wp\/v2\/product\/10471","targetHints":{"allow":["GET"]}}],"collection":[{"href":"https:\/\/www.c-enter.com.mx\/tienda\/wp-json\/wp\/v2\/product"}],"about":[{"href":"https:\/\/www.c-enter.com.mx\/tienda\/wp-json\/wp\/v2\/types\/product"}],"replies":[{"embeddable":true,"href":"https:\/\/www.c-enter.com.mx\/tienda\/wp-json\/wp\/v2\/comments?post=10471"}],"wp:featuredmedia":[{"embeddable":true,"href":"https:\/\/www.c-enter.com.mx\/tienda\/wp-json\/wp\/v2\/media\/10472"}],"wp:attachment":[{"href":"https:\/\/www.c-enter.com.mx\/tienda\/wp-json\/wp\/v2\/media?parent=10471"}],"wp:term":[{"taxonomy":"product_brand","embeddable":true,"href":"https:\/\/www.c-enter.com.mx\/tienda\/wp-json\/wp\/v2\/product_brand?post=10471"},{"taxonomy":"product_cat","embeddable":true,"href":"https:\/\/www.c-enter.com.mx\/tienda\/wp-json\/wp\/v2\/product_cat?post=10471"},{"taxonomy":"product_tag","embeddable":true,"href":"https:\/\/www.c-enter.com.mx\/tienda\/wp-json\/wp\/v2\/product_tag?post=10471"}],"curies":[{"name":"wp","href":"https:\/\/api.w.org\/{rel}","templated":true}]}}