{"id":7103,"date":"2021-08-14T01:33:48","date_gmt":"2021-08-14T06:33:48","guid":{"rendered":"http:\/\/www.c-enter.com.mx\/tienda\/product\/memoria-flash-usb-adata-c008-16gb-retractil-negrorojo\/"},"modified":"2023-11-09T16:26:56","modified_gmt":"2023-11-09T22:26:56","slug":"memoria-flash-usb-adata-c008-16gb-retractil-negrorojo","status":"publish","type":"product","link":"https:\/\/www.c-enter.com.mx\/tienda\/producto\/memoria-flash-usb-adata-c008-16gb-retractil-negrorojo\/","title":{"rendered":"Memoria Flash USB Adata C008 64GB Retr\u00e1ctil Negro &#038; Rojo"},"content":{"rendered":"<p>Su elegante dise\u00f1o incluye un conector USB deslizante, que sale suavemente desde la unidad con la pulsaci\u00f3n del dedo.<br \/>\nEl dise\u00f1o mec\u00e1nico sin tapa elimina el problema de perder la tapa de la unidad.<br \/>\nEl conector USB puede estar listo para su uso con s\u00f3lo una mano, para mayor comodidad cuando la velocidad es importante.<\/p>\n","protected":false},"excerpt":{"rendered":"<p>Su elegante dise\u00f1o incluye un conector USB deslizante, que sale suavemente desde la unidad con la pulsaci\u00f3n del dedo.<br \/>\nEl dise\u00f1o mec\u00e1nico sin tapa elimina el problema de perder la tapa de la unidad.<br \/>\nEl conector USB puede estar listo para su uso con s\u00f3lo una mano, para mayor comodidad cuando la velocidad es importante.<\/p>\n","protected":false},"featured_media":9173,"comment_status":"closed","ping_status":"closed","template":"","meta":[],"product_brand":[],"product_cat":[245,246,249],"product_tag":[615,960,474,1739,392],"class_list":{"0":"post-7103","1":"product","2":"type-product","3":"status-publish","4":"has-post-thumbnail","6":"product_cat-almacenamiento","7":"product_cat-almacenamiento-portatil","8":"product_cat-memorias-usb","9":"product_tag-64gb","10":"product_tag-c008","11":"product_tag-memoria-usb","12":"product_tag-retractil","13":"product_tag-usb","14":"pa_brands-adata","16":"first","17":"instock","18":"shipping-taxable","19":"purchasable","20":"product-type-simple"},"_links":{"self":[{"href":"https:\/\/www.c-enter.com.mx\/tienda\/wp-json\/wp\/v2\/product\/7103","targetHints":{"allow":["GET"]}}],"collection":[{"href":"https:\/\/www.c-enter.com.mx\/tienda\/wp-json\/wp\/v2\/product"}],"about":[{"href":"https:\/\/www.c-enter.com.mx\/tienda\/wp-json\/wp\/v2\/types\/product"}],"replies":[{"embeddable":true,"href":"https:\/\/www.c-enter.com.mx\/tienda\/wp-json\/wp\/v2\/comments?post=7103"}],"wp:featuredmedia":[{"embeddable":true,"href":"https:\/\/www.c-enter.com.mx\/tienda\/wp-json\/wp\/v2\/media\/9173"}],"wp:attachment":[{"href":"https:\/\/www.c-enter.com.mx\/tienda\/wp-json\/wp\/v2\/media?parent=7103"}],"wp:term":[{"taxonomy":"product_brand","embeddable":true,"href":"https:\/\/www.c-enter.com.mx\/tienda\/wp-json\/wp\/v2\/product_brand?post=7103"},{"taxonomy":"product_cat","embeddable":true,"href":"https:\/\/www.c-enter.com.mx\/tienda\/wp-json\/wp\/v2\/product_cat?post=7103"},{"taxonomy":"product_tag","embeddable":true,"href":"https:\/\/www.c-enter.com.mx\/tienda\/wp-json\/wp\/v2\/product_tag?post=7103"}],"curies":[{"name":"wp","href":"https:\/\/api.w.org\/{rel}","templated":true}]}}