{"id":7167,"date":"2021-08-14T01:34:20","date_gmt":"2021-08-14T06:34:20","guid":{"rendered":"http:\/\/www.c-enter.com.mx\/tienda\/product\/disco-duro-2-tb-externo-adata-hv620s\/"},"modified":"2024-04-10T13:44:08","modified_gmt":"2024-04-10T19:44:08","slug":"disco-duro-2-tb-externo-adata-hv620s","status":"publish","type":"product","link":"https:\/\/www.c-enter.com.mx\/tienda\/producto\/disco-duro-2-tb-externo-adata-hv620s\/","title":{"rendered":"Disco duro 2 TB externo ADATA HV620S"},"content":{"rendered":"<p>la unidad externa HV620S es su mejor elecci\u00f3n, con l\u00edneas sutiles y generosas al mismo tiempo, su acabado en mate hace que sea f\u00e1cil de coger evitando dejar manchas y huellas dactilares en la superficie.Con su interfaz SuperSpeed USB 3.0, EL HV620S es la soluci\u00f3n ideal para todas sus necesidades de almacenamiento de datos.<\/p>\n","protected":false},"excerpt":{"rendered":"<p>Dise\u00f1o elegante de impacto por arena<br \/>\nIndicador LED azul resplandeciente<br \/>\nEspecificaciones del \u00faltimo hardware e interfaz<br \/>\nG Shock Sensor Protection<br \/>\nSuper-Speed USB 3.0<\/p>\n<p>&nbsp;<\/p>\n<p>&nbsp;<\/p>\n","protected":false},"featured_media":6376,"comment_status":"closed","ping_status":"closed","template":"","meta":[],"product_brand":[],"product_cat":[245,246,247],"product_tag":[225,226,227],"class_list":{"0":"post-7167","1":"product","2":"type-product","3":"status-publish","4":"has-post-thumbnail","6":"product_cat-almacenamiento","7":"product_cat-almacenamiento-portatil","8":"product_cat-discos-duros-externos","9":"product_tag-almacenamiento-externo","10":"product_tag-disco-duro-adata","11":"product_tag-disco-duro-externo","13":"first","14":"instock","15":"shipping-taxable","16":"purchasable","17":"product-type-simple"},"_links":{"self":[{"href":"https:\/\/www.c-enter.com.mx\/tienda\/wp-json\/wp\/v2\/product\/7167","targetHints":{"allow":["GET"]}}],"collection":[{"href":"https:\/\/www.c-enter.com.mx\/tienda\/wp-json\/wp\/v2\/product"}],"about":[{"href":"https:\/\/www.c-enter.com.mx\/tienda\/wp-json\/wp\/v2\/types\/product"}],"replies":[{"embeddable":true,"href":"https:\/\/www.c-enter.com.mx\/tienda\/wp-json\/wp\/v2\/comments?post=7167"}],"wp:featuredmedia":[{"embeddable":true,"href":"https:\/\/www.c-enter.com.mx\/tienda\/wp-json\/wp\/v2\/media\/6376"}],"wp:attachment":[{"href":"https:\/\/www.c-enter.com.mx\/tienda\/wp-json\/wp\/v2\/media?parent=7167"}],"wp:term":[{"taxonomy":"product_brand","embeddable":true,"href":"https:\/\/www.c-enter.com.mx\/tienda\/wp-json\/wp\/v2\/product_brand?post=7167"},{"taxonomy":"product_cat","embeddable":true,"href":"https:\/\/www.c-enter.com.mx\/tienda\/wp-json\/wp\/v2\/product_cat?post=7167"},{"taxonomy":"product_tag","embeddable":true,"href":"https:\/\/www.c-enter.com.mx\/tienda\/wp-json\/wp\/v2\/product_tag?post=7167"}],"curies":[{"name":"wp","href":"https:\/\/api.w.org\/{rel}","templated":true}]}}