{"id":7593,"date":"2021-08-14T01:37:34","date_gmt":"2021-08-14T06:37:34","guid":{"rendered":"http:\/\/www.c-enter.com.mx\/tienda\/product\/camara-web-perfect-choice-1080p\/"},"modified":"2024-03-25T12:09:18","modified_gmt":"2024-03-25T18:09:18","slug":"camara-web-perfect-choice-1080p","status":"publish","type":"product","link":"https:\/\/www.c-enter.com.mx\/tienda\/producto\/camara-web-perfect-choice-1080p\/","title":{"rendered":"C\u00e1mara Web Perfect Choice 1080p"},"content":{"rendered":"<p>C\u00e1mara Web Usb modelo pc-320494, ideal para hacer streaming o videoconferencias con calidad de video fullhd (1080p), cuenta con micr\u00f3fono integrado para un mejor audio. Su dise\u00f1o compacto la hace f\u00e1cil de usar y guardar, incluye una base multiusos que se puede plegar para usarse sobre el monitor o poner en cualquier superficie plana como un escritorio o mesa.<\/p>\n","protected":false},"excerpt":{"rendered":"<ul style=\"list-style-type: circle;\">\n<li>C\u00e1mara web usb full hd (1080p)<\/li>\n<li>Micr\u00f3fono integrado<\/li>\n<li>Conector usb<\/li>\n<li>Base plegable<\/li>\n<\/ul>\n","protected":false},"featured_media":5799,"comment_status":"closed","ping_status":"closed","template":"","meta":[],"product_brand":[],"product_cat":[288,1140],"product_tag":[1100,1101,1102],"class_list":{"0":"post-7593","1":"product","2":"type-product","3":"status-publish","4":"has-post-thumbnail","6":"product_cat-accesorios","7":"product_cat-accesorios-para-pc","8":"product_tag-camara-web","9":"product_tag-camara-web-1080p","10":"product_tag-pc-320494","11":"pa_brands-perfect-choice","13":"first","14":"instock","15":"sale","16":"shipping-taxable","17":"purchasable","18":"product-type-simple"},"_links":{"self":[{"href":"https:\/\/www.c-enter.com.mx\/tienda\/wp-json\/wp\/v2\/product\/7593","targetHints":{"allow":["GET"]}}],"collection":[{"href":"https:\/\/www.c-enter.com.mx\/tienda\/wp-json\/wp\/v2\/product"}],"about":[{"href":"https:\/\/www.c-enter.com.mx\/tienda\/wp-json\/wp\/v2\/types\/product"}],"replies":[{"embeddable":true,"href":"https:\/\/www.c-enter.com.mx\/tienda\/wp-json\/wp\/v2\/comments?post=7593"}],"wp:featuredmedia":[{"embeddable":true,"href":"https:\/\/www.c-enter.com.mx\/tienda\/wp-json\/wp\/v2\/media\/5799"}],"wp:attachment":[{"href":"https:\/\/www.c-enter.com.mx\/tienda\/wp-json\/wp\/v2\/media?parent=7593"}],"wp:term":[{"taxonomy":"product_brand","embeddable":true,"href":"https:\/\/www.c-enter.com.mx\/tienda\/wp-json\/wp\/v2\/product_brand?post=7593"},{"taxonomy":"product_cat","embeddable":true,"href":"https:\/\/www.c-enter.com.mx\/tienda\/wp-json\/wp\/v2\/product_cat?post=7593"},{"taxonomy":"product_tag","embeddable":true,"href":"https:\/\/www.c-enter.com.mx\/tienda\/wp-json\/wp\/v2\/product_tag?post=7593"}],"curies":[{"name":"wp","href":"https:\/\/api.w.org\/{rel}","templated":true}]}}