{"id":7598,"date":"2021-08-14T01:37:36","date_gmt":"2021-08-14T06:37:36","guid":{"rendered":"http:\/\/www.c-enter.com.mx\/tienda\/product\/disco-duro-960gb-ssd-kingston-2-5\/"},"modified":"2024-04-11T09:47:20","modified_gmt":"2024-04-11T15:47:20","slug":"disco-duro-960gb-ssd-kingston-2-5","status":"publish","type":"product","link":"https:\/\/www.c-enter.com.mx\/tienda\/producto\/disco-duro-960gb-ssd-kingston-2-5\/","title":{"rendered":"Disco Estado Solido 960gb SSD Kingston 2.5&#8243;"},"content":{"rendered":"<p>Para port\u00e1tiles y equipos de sobremesa<br \/>\nLa unidad A400 de estado s\u00f3lido de Kingston ofrece enormes mejoras en la velocidad de respuesta, sin actualizaciones adicionales del hardware. Brinda lapsos de arranque, carga y de transferencia de archivos incre\u00edblemente m\u00e1s breves en comparaci\u00f3n con las unidades de disco duro mec\u00e1nico. Apoyada en su controlador de la m\u00e1s reciente generaci\u00f3n, que ofrece velocidades de lectura y escritura de hasta 500 MB\/s y 450 MB\/s* respectivamente, esta unidad SSD es 10 veces m\u00e1s r\u00e1pida que los discos duros tradicionales* y provee un mejor rendimiento, velocidad de respuesta ultrarr\u00e1pida en el procesamiento multitareas y una aceleraci\u00f3n general del sistema.<\/p>\n","protected":false},"excerpt":{"rendered":"<p>Arranques, cargas y transferencias de archivos todos con mayor rapidez<br \/>\nM\u00e1s fiable y duradera que las unidades de disco duro<br \/>\n10 veces m\u00e1s r\u00e1pido que los discos tradicionales<\/p>\n","protected":false},"featured_media":5843,"comment_status":"closed","ping_status":"closed","template":"","meta":[],"product_brand":[],"product_cat":[245,1135,321,1134],"product_tag":[1106,422,385,423],"class_list":{"0":"post-7598","1":"product","2":"type-product","3":"status-publish","4":"has-post-thumbnail","6":"product_cat-almacenamiento","7":"product_cat-disco-estado-solido-ssd","8":"product_cat-discos-duros","9":"product_cat-discos-duros-internos","10":"product_tag-960gb","11":"product_tag-discos-duros","12":"product_tag-kingston","13":"product_tag-ssd","14":"pa_brands-kingston","16":"first","17":"instock","18":"shipping-taxable","19":"purchasable","20":"product-type-simple"},"_links":{"self":[{"href":"https:\/\/www.c-enter.com.mx\/tienda\/wp-json\/wp\/v2\/product\/7598","targetHints":{"allow":["GET"]}}],"collection":[{"href":"https:\/\/www.c-enter.com.mx\/tienda\/wp-json\/wp\/v2\/product"}],"about":[{"href":"https:\/\/www.c-enter.com.mx\/tienda\/wp-json\/wp\/v2\/types\/product"}],"replies":[{"embeddable":true,"href":"https:\/\/www.c-enter.com.mx\/tienda\/wp-json\/wp\/v2\/comments?post=7598"}],"wp:featuredmedia":[{"embeddable":true,"href":"https:\/\/www.c-enter.com.mx\/tienda\/wp-json\/wp\/v2\/media\/5843"}],"wp:attachment":[{"href":"https:\/\/www.c-enter.com.mx\/tienda\/wp-json\/wp\/v2\/media?parent=7598"}],"wp:term":[{"taxonomy":"product_brand","embeddable":true,"href":"https:\/\/www.c-enter.com.mx\/tienda\/wp-json\/wp\/v2\/product_brand?post=7598"},{"taxonomy":"product_cat","embeddable":true,"href":"https:\/\/www.c-enter.com.mx\/tienda\/wp-json\/wp\/v2\/product_cat?post=7598"},{"taxonomy":"product_tag","embeddable":true,"href":"https:\/\/www.c-enter.com.mx\/tienda\/wp-json\/wp\/v2\/product_tag?post=7598"}],"curies":[{"name":"wp","href":"https:\/\/api.w.org\/{rel}","templated":true}]}}