{"id":7620,"date":"2021-08-14T01:37:44","date_gmt":"2021-08-14T06:37:44","guid":{"rendered":"http:\/\/www.c-enter.com.mx\/tienda\/product\/teclado-gaming-de-membrana-alambrico-ocelot\/"},"modified":"2023-12-04T10:55:02","modified_gmt":"2023-12-04T16:55:02","slug":"teclado-gaming-de-membrana-alambrico-ocelot","status":"publish","type":"product","link":"https:\/\/www.c-enter.com.mx\/tienda\/producto\/teclado-gaming-de-membrana-alambrico-ocelot\/","title":{"rendered":"Teclado Gaming  de Membrana Al\u00e1mbrico Ocelot OGEK01"},"content":{"rendered":"<p>Con el teclado gaming Ocelot disfruta de su dise\u00f1o ergon\u00f3mico,cuenta con 3 estilos de iluminaci\u00f3n tipo arcoiris, 7 teclas antighosrhing, cubierta met\u00e1lica, cable pvc de 1.5m y ademas soporte para tu smartphone, f\u00e1cil instalaci\u00f3n de plug &amp; play, con conexi\u00f3n usb f\u00e1cil de usar, solo conecta y empieza a trabajar.<\/p>\n","protected":false},"excerpt":{"rendered":"<ul style=\"list-style-type: circle;\">\n<li>Luces led 3 estilos<\/li>\n<li>Cubierta met\u00e1lica<\/li>\n<li>7 teclas antighosting<\/li>\n<li>soporte para smartphone<\/li>\n<\/ul>\n","protected":false},"featured_media":5551,"comment_status":"closed","ping_status":"closed","template":"","meta":[],"product_brand":[],"product_cat":[288,1140,278],"product_tag":[1130,280,1131,1132],"class_list":{"0":"post-7620","1":"product","2":"type-product","3":"status-publish","4":"has-post-thumbnail","6":"product_cat-accesorios","7":"product_cat-accesorios-para-pc","8":"product_cat-teclados","9":"product_tag-ogek01","10":"product_tag-teclado-alambrico","11":"product_tag-teclado-gaming","12":"product_tag-teclado-ocelot","14":"first","15":"instock","16":"shipping-taxable","17":"purchasable","18":"product-type-simple"},"_links":{"self":[{"href":"https:\/\/www.c-enter.com.mx\/tienda\/wp-json\/wp\/v2\/product\/7620","targetHints":{"allow":["GET"]}}],"collection":[{"href":"https:\/\/www.c-enter.com.mx\/tienda\/wp-json\/wp\/v2\/product"}],"about":[{"href":"https:\/\/www.c-enter.com.mx\/tienda\/wp-json\/wp\/v2\/types\/product"}],"replies":[{"embeddable":true,"href":"https:\/\/www.c-enter.com.mx\/tienda\/wp-json\/wp\/v2\/comments?post=7620"}],"wp:featuredmedia":[{"embeddable":true,"href":"https:\/\/www.c-enter.com.mx\/tienda\/wp-json\/wp\/v2\/media\/5551"}],"wp:attachment":[{"href":"https:\/\/www.c-enter.com.mx\/tienda\/wp-json\/wp\/v2\/media?parent=7620"}],"wp:term":[{"taxonomy":"product_brand","embeddable":true,"href":"https:\/\/www.c-enter.com.mx\/tienda\/wp-json\/wp\/v2\/product_brand?post=7620"},{"taxonomy":"product_cat","embeddable":true,"href":"https:\/\/www.c-enter.com.mx\/tienda\/wp-json\/wp\/v2\/product_cat?post=7620"},{"taxonomy":"product_tag","embeddable":true,"href":"https:\/\/www.c-enter.com.mx\/tienda\/wp-json\/wp\/v2\/product_tag?post=7620"}],"curies":[{"name":"wp","href":"https:\/\/api.w.org\/{rel}","templated":true}]}}