{"id":8739,"date":"2023-01-02T15:12:33","date_gmt":"2023-01-02T21:12:33","guid":{"rendered":"https:\/\/www.c-enter.com.mx\/tienda\/?post_type=product&#038;p=8739"},"modified":"2023-11-07T09:55:37","modified_gmt":"2023-11-07T15:55:37","slug":"8739","status":"publish","type":"product","link":"https:\/\/www.c-enter.com.mx\/tienda\/producto\/8739\/","title":{"rendered":"Tarjeta De Red Inal\u00e1mbrica Tenda U3"},"content":{"rendered":"<p><span class=\"a-list-item\">Dise\u00f1o de tama\u00f1o mini para una portabilidad conveniente, no hay necesidad de preocuparse por bloquear las interfaces USB adyacentes<\/span><\/p>\n<p><span class=\"a-list-item\">Con velocidad inal\u00e1mbrica de hasta 300 Mbps y tecnolog\u00eda avanzada MIMO.<\/span><\/p>\n<p><span class=\"a-list-item\">Convierta una conexi\u00f3n a Internet por cable desde una PC o computadora port\u00e1til en punto de conexi\u00f3n WiFi<\/span><\/p>\n<p><span class=\"a-list-item\">Soporta windows XP\/7\/8(8.1\/10 , Mac OS 10.7\/10.12, Linux<\/span><\/p>\n<p><span class=\"a-list-item\">El U3 le proporciona una conexi\u00f3n inal\u00e1mbrica r\u00e1pida y confiable para juegos en l\u00ednea sin retraso y transmisi\u00f3n de video.<\/span><\/p>\n<p><span class=\"a-list-item\">Tipo de conectividad: WLAN<\/span><\/p>\n","protected":false},"excerpt":{"rendered":"<p>Marca: Tenda<\/p>\n<p>Color: Negro\/Rojo<\/p>\n","protected":false},"featured_media":8740,"comment_status":"open","ping_status":"closed","template":"","meta":[],"product_brand":[],"product_cat":[254,250,1146],"product_tag":[388,1472,1390,264,1536,453,1112],"class_list":{"0":"post-8739","1":"product","2":"type-product","3":"status-publish","4":"has-post-thumbnail","6":"product_cat-adaptadores-inalambricos","7":"product_cat-redes","8":"product_cat-redes-y-energia","9":"product_tag-adaptador","10":"product_tag-adaptador-de-red","11":"product_tag-inalambrica","12":"product_tag-red","13":"product_tag-tarjeta-de-red","14":"product_tag-tenda","15":"product_tag-u3","17":"first","18":"instock","19":"shipping-taxable","20":"purchasable","21":"product-type-simple"},"_links":{"self":[{"href":"https:\/\/www.c-enter.com.mx\/tienda\/wp-json\/wp\/v2\/product\/8739","targetHints":{"allow":["GET"]}}],"collection":[{"href":"https:\/\/www.c-enter.com.mx\/tienda\/wp-json\/wp\/v2\/product"}],"about":[{"href":"https:\/\/www.c-enter.com.mx\/tienda\/wp-json\/wp\/v2\/types\/product"}],"replies":[{"embeddable":true,"href":"https:\/\/www.c-enter.com.mx\/tienda\/wp-json\/wp\/v2\/comments?post=8739"}],"wp:featuredmedia":[{"embeddable":true,"href":"https:\/\/www.c-enter.com.mx\/tienda\/wp-json\/wp\/v2\/media\/8740"}],"wp:attachment":[{"href":"https:\/\/www.c-enter.com.mx\/tienda\/wp-json\/wp\/v2\/media?parent=8739"}],"wp:term":[{"taxonomy":"product_brand","embeddable":true,"href":"https:\/\/www.c-enter.com.mx\/tienda\/wp-json\/wp\/v2\/product_brand?post=8739"},{"taxonomy":"product_cat","embeddable":true,"href":"https:\/\/www.c-enter.com.mx\/tienda\/wp-json\/wp\/v2\/product_cat?post=8739"},{"taxonomy":"product_tag","embeddable":true,"href":"https:\/\/www.c-enter.com.mx\/tienda\/wp-json\/wp\/v2\/product_tag?post=8739"}],"curies":[{"name":"wp","href":"https:\/\/api.w.org\/{rel}","templated":true}]}}