{"id":9326,"date":"2023-02-02T09:36:40","date_gmt":"2023-02-02T15:36:40","guid":{"rendered":"https:\/\/www.c-enter.com.mx\/tienda\/?post_type=product&#038;p=9326"},"modified":"2023-03-31T14:03:19","modified_gmt":"2023-03-31T20:03:19","slug":"contpaqi-contabilidad-licencia-nueva-y-renovacion-1-usuario","status":"publish","type":"product","link":"https:\/\/www.c-enter.com.mx\/tienda\/producto\/contpaqi-contabilidad-licencia-nueva-y-renovacion-1-usuario\/","title":{"rendered":"CONTPAQI Contabilidad Licencia Nueva y Renovaci\u00f3n 1 Usuario"},"content":{"rendered":"<div class=\"zprow zpalign-items-flex-start zpjustify-content-flex-start \" data-element-id=\"elm_DwdcDr7FZ8ycfuctjCmXWw\" data-element-type=\"row\">\n<div class=\"zpelem-col zpcol-md-4 zpcol-sm-12 zpalign-self- zpdefault-section zpdefault-section-bg \" data-element-id=\"elm_4tPTrbf15Ht2w8aYdcT5IA\" data-element-type=\"column\">\n<div class=\"zpelement zpelem-iconheadingtext \" data-element-id=\"elm_i9w03ltHLq5cHYPjbK05UQ\" data-element-type=\"iconHeadingText\">\n<div class=\"zpicon-container zpicon-align-left \">\n<div><strong>Mejora en el proceso de captura de p\u00f3lizas<\/strong><\/div>\n<div class=\"zpicon-text-container \" data-editor=\"true\">\n<p>Ten a la mano toda la informaci\u00f3n financiera necesaria como el desglose de IVA y sus movimientos, as\u00ed como los CFDI asociados a la p\u00f3liza de cada transacci\u00f3n.<strong>\u00a0\u00a0\u00a0\u00a0\u00a0\u00a0\u00a0\u00a0\u00a0\u00a0\u00a0\u00a0\u00a0\u00a0\u00a0\u00a0\u00a0\u00a0\u00a0\u00a0\u00a0\u00a0\u00a0\u00a0\u00a0\u00a0\u00a0\u00a0\u00a0\u00a0\u00a0\u00a0\u00a0\u00a0\u00a0\u00a0\u00a0\u00a0\u00a0\u00a0\u00a0\u00a0\u00a0\u00a0\u00a0\u00a0\u00a0\u00a0\u00a0\u00a0\u00a0\u00a0\u00a0\u00a0\u00a0\u00a0\u00a0 \u00a0 \u00a0 \u00a0 \u00a0 \u00a0 \u00a0 \u00a0 \u00a0 \u00a0 \u00a0 \u00a0 \u00a0 \u00a0 \u00a0 \u00a0 \u00a0 \u00a0 \u00a0 \u00a0 \u00a0 \u00a0 \u00a0 \u00a0 \u00a0 \u00a0<\/strong><strong>\u00a0 \u00a0 \u00a0 \u00a0 \u00a0 \u00a0 \u00a0 \u00a0 \u00a0 \u00a0 \u00a0 \u00a0 \u00a0 \u00a0 \u00a0 \u00a0 \u00a0 \u00a0 \u00a0 \u00a0 \u00a0 \u00a0<\/strong><\/p>\n<\/div>\n<\/div>\n<\/div>\n<\/div>\n<div class=\"zpelem-col zpcol-md-4 zpcol-sm-12 zpalign-self- zpdefault-section zpdefault-section-bg \" data-element-id=\"elm_l2qNxGGZchBhte6qJ5K3DQ\" data-element-type=\"column\">\n<div class=\"zpelement zpelem-iconheadingtext \" data-element-id=\"elm_Ml0Y5Pcw1UuUfFlDs8BhLQ\" data-element-type=\"iconHeadingText\">\n<div class=\"zpicon-container zpicon-align-left \">\n<p class=\"zpicon-heading \" data-editor=\"true\"><strong>Descarga todos los comprobantes CFDI<\/strong><\/p>\n<div class=\"zpicon-text-container \" data-editor=\"true\">\n<p><span>Solicita y obt\u00e9n tus comprobantes fiscales utilizando directamente los servicios de descarga del SAT<\/span><strong><span>,\u00a0<\/span><\/strong>sin la necesidad de alg\u00fan otro sistema.<\/p>\n<\/div>\n<\/div>\n<\/div>\n<\/div>\n<div class=\"zpelem-col zpcol-md-4 zpcol-sm-12 zpalign-self- zpdefault-section zpdefault-section-bg \" data-element-id=\"elm_toIRhTCZOrN8kTiFosLHgw\" data-element-type=\"column\">\n<div class=\"zpelement zpelem-iconheadingtext \" data-element-id=\"elm_PpEMaZ5i6wKkbL5cO3cqsg\" data-element-type=\"iconHeadingText\">\n<div class=\"zpicon-container zpicon-align-left \">\n<p class=\"zpicon-heading \" data-editor=\"true\"><strong>Toma decisiones inteligentes<\/strong><\/p>\n<div class=\"zpicon-text-container \" data-editor=\"true\">\n<p>Nuestro programa de contabilidad te permite analizar la informaci\u00f3n de tu empresa y alinear tus objetivos a la estrategia fiscal de tu negocio.<\/p>\n<\/div>\n<\/div>\n<\/div>\n<\/div>\n<\/div>\n<div class=\"zprow zpalign-items-flex-start zpjustify-content-flex-start \" data-element-id=\"elm_osqpv9JkwjasX3aERa1s8A\" data-element-type=\"row\">\n<div class=\"zpelem-col zpcol-md-4 zpcol-sm-12 zpalign-self- zpdefault-section zpdefault-section-bg \" data-element-id=\"elm_nBF5UmrQrS85jMUhV9HZaQ\" data-element-type=\"column\">\n<div class=\"zpelement zpelem-iconheadingtext \" data-element-id=\"elm_WRVAHZukSuNsQqzKukOqzg\" data-element-type=\"iconHeadingText\">\n<div class=\"zpicon-container zpicon-align-left \">\n<p class=\"zpicon-heading \" data-editor=\"true\"><strong>Mant\u00e9n tu contabilidad electr\u00f3nica al d\u00eda<\/strong><\/p>\n<div class=\"zpicon-text-container \" data-editor=\"true\">\n<p>Te ayuda a elaborar la contabilidad electr\u00f3nica de manera sencilla y cumplir con los \u00faltimos cambios y disposiciones de ley.<\/p>\n<\/div>\n<\/div>\n<\/div>\n<\/div>\n<div class=\"zpelem-col zpcol-md-4 zpcol-sm-12 zpalign-self- zpdefault-section zpdefault-section-bg \" data-element-id=\"elm_Bn5dowPgQyJIU7C-shPGUA\" data-element-type=\"column\">\n<div class=\"zpelement zpelem-iconheadingtext \" data-element-id=\"elm_rc2MjjjPFB50rpQ4H7uIDQ\" data-element-type=\"iconHeadingText\">\n<div class=\"zpicon-container zpicon-align-left \">\n<p class=\"zpicon-heading \" data-editor=\"true\"><strong>Obt\u00e9n poderosos reportes e informes<\/strong><\/p>\n<div class=\"zpicon-text-container \" data-editor=\"true\">\n<p>Crea informes y reportes para presentar estados financieros de resultados y balances a los tomadores de decisiones de tu empresa.<\/p>\n<\/div>\n<\/div>\n<\/div>\n<\/div>\n<div class=\"zpelem-col zpcol-md-4 zpcol-sm-12 zpalign-self- zpdefault-section zpdefault-section-bg \" data-element-id=\"elm_22mxvnwBNrx8uNjywb8ykg\" data-element-type=\"column\">\n<div class=\"zpelement zpelem-iconheadingtext \" data-element-id=\"elm_LjBS0k6EwmwClWVdaVATww\" data-element-type=\"iconHeadingText\">\n<div class=\"zpicon-container zpicon-align-left \">\n<p class=\"zpicon-heading \" data-editor=\"true\"><strong>Facilita la vida del contador<\/strong><\/p>\n<div class=\"zpicon-text-container \" data-editor=\"true\">\n<p>Nuestro sistema comprende las necesidades de los contadores y les ahorra tiempo, a la vez que hace de la contabilidad de tu empresa un proceso m\u00e1s sencillo.<\/p>\n<\/div>\n<\/div>\n<\/div>\n<\/div>\n<\/div>\n","protected":false},"excerpt":{"rendered":"<p>Marca: CONTPAQI<\/p>\n<p>Tipo: Contabilidad<\/p>\n","protected":false},"featured_media":9327,"comment_status":"open","ping_status":"closed","template":"","meta":[],"product_brand":[],"product_cat":[1793,1783,313],"product_tag":[398,316],"class_list":{"0":"post-9326","1":"product","2":"type-product","3":"status-publish","4":"has-post-thumbnail","6":"product_cat-contabilidad","7":"product_cat-procesos-contables","8":"product_cat-sistemas-contpaqi","9":"product_tag-contabilidad","10":"product_tag-contpaqi","11":"pa_brands-contpaqi","13":"first","14":"instock","15":"shipping-taxable","16":"purchasable","17":"product-type-simple"},"_links":{"self":[{"href":"https:\/\/www.c-enter.com.mx\/tienda\/wp-json\/wp\/v2\/product\/9326","targetHints":{"allow":["GET"]}}],"collection":[{"href":"https:\/\/www.c-enter.com.mx\/tienda\/wp-json\/wp\/v2\/product"}],"about":[{"href":"https:\/\/www.c-enter.com.mx\/tienda\/wp-json\/wp\/v2\/types\/product"}],"replies":[{"embeddable":true,"href":"https:\/\/www.c-enter.com.mx\/tienda\/wp-json\/wp\/v2\/comments?post=9326"}],"wp:featuredmedia":[{"embeddable":true,"href":"https:\/\/www.c-enter.com.mx\/tienda\/wp-json\/wp\/v2\/media\/9327"}],"wp:attachment":[{"href":"https:\/\/www.c-enter.com.mx\/tienda\/wp-json\/wp\/v2\/media?parent=9326"}],"wp:term":[{"taxonomy":"product_brand","embeddable":true,"href":"https:\/\/www.c-enter.com.mx\/tienda\/wp-json\/wp\/v2\/product_brand?post=9326"},{"taxonomy":"product_cat","embeddable":true,"href":"https:\/\/www.c-enter.com.mx\/tienda\/wp-json\/wp\/v2\/product_cat?post=9326"},{"taxonomy":"product_tag","embeddable":true,"href":"https:\/\/www.c-enter.com.mx\/tienda\/wp-json\/wp\/v2\/product_tag?post=9326"}],"curies":[{"name":"wp","href":"https:\/\/api.w.org\/{rel}","templated":true}]}}